) = -17*h**3 + 5 - 1 + 16*h**3 + 4*h**2. Let c be v(4). Suppose k - 5*b = 643, -2522 = -c*k - 2*b - 3*b. Is k composite?
True
Is 1734519/(-348)*(-4 - 0) a composite number?
False
Is 356696 + 32/(-8) + 2 + -1 a prime number?
True
Is -1 + 89 - (-450)/150 a prime number?
False
Is -7 - 145780/(-4) - 5 a prime number?
True
Let u(f) = 3163*f - 31. Let b be u(4). Let t = b + -8975. Is t a composite number?
True
Suppose 30176634 - 3212562 = 493*p - 29184191. Is p a prime number?
True
Suppose -126*h - 158*h + 17980368 = 52*h. Is h a composite number?
True
Suppose 4*u - 2312*b + 2310*b = 239460, -5*u + 5*b + 299335 = 0. Is u composite?
False
Let q = -110 - -215. Let k = q - -182. Is k prime?
False
Let v(k) = 4716*k**2 - 40*k - 195. Is v(-7) prime?
True
Suppose 759 = -142*r - 1513. Let n(k) be the third derivative of -95*k**4/24 + 7*k**3/6 + k**2. Is n(r) composite?
True
Suppose -115*q + 108*q = 50939. Let x = -3484 - q. Is x a composite number?
False
Let y = -4874 + 10558. Let w = 17815 - y. Suppose 3*z + 4*r - w = 0, 5*z - 3*z - 8118 = 5*r. Is z a prime number?
True
Let w(h) = 25*h**3 - 16*h**2 - 64*h - 10. Is w(17) a composite number?
True
Suppose -27730 = 6*u - 11*u. Suppose -4*l - 5234 = -2*j, 4*j + 2*l - 5359 - 5119 = 0. Let m = u - j. Is m a prime number?
True
Let d(x) = -18129*x + 216. Let c(b) = -2266*b + 27. Let j(y) = 33*c(y) - 4*d(y). Let l be j(6). Let n = -8794 - l. Is n a prime number?
True
Is 20/(-15)*(-5 - (-32262)/(-24)) prime?
False
Let p = -42907 - -77976. Is p a composite number?
False
Let u(i) = -i**2 - 26*i + 90. Let r be u(-29). Suppose -10083 = -z + 2*b, -26386 = -5*z - r*b + 23964. Is z a composite number?
True
Suppose 4*a = 4*j + 1573612, -786804 = -164*a + 162*a + j. Is a composite?
False
Let h = 30 + -42. Let r be ((-7454)/6)/(-1) - h/18. Suppose -4*i - 4*q = r - 6635, -4*i - q = -5377. Is i a composite number?
True
Let x = 292 + -74. Suppose -2*h + x = -956. Suppose a = -2*z + h, 0*a + 2*a = 5*z - 1463. Is z a composite number?
False
Let x(d) = 11*d**3 + 2*d**2 + 2*d - 7. Let t be x(-5). Let w be 714/168 + 3/4. Is w + -3 - t/2 composite?
False
Suppose 5*y = -q - 0*y + 1363275, 0 = y - 4. Is q prime?
False
Let a = -109 - -201. Suppose o = -0*j + j - a, 0 = o. Let v = 219 - j. Is v a composite number?
False
Let i(d) = 349*d**2 + 102*d + 1887. Is i(-26) a composite number?
False
Let o be 0/(-2 + -3 + 1 + 2). Suppose -2*l = -o*l - 2*i - 5872, 3*l + 5*i = 8816. Suppose 2*v + 4860 = 5*m, -3*m - 2*v - v + l = 0. Is m prime?
False
Suppose -24*u - 1814087 = -4*c - 21*u, 0 = 3*c + 3*u - 1360602. Is c a prime number?
True
Suppose 457*w - 117358933 = -37621116. Is w prime?
True
Suppose 0 = 6*r - j - 3269158, -3*r - 3*j + 967070 = -667537. Is r composite?
False
Let p = -5161 - -15779. Suppose -b - 5*v + p = 3*b, -2*v = 3*b - 7967. Is b prime?
True
Let o = 36503 + -12472. Let v = o + -12287. Is ((-6)/4)/((-58744)/v + 5) a composite number?
True
Let r(h) = -137*h + 45. Let j be r(-11). Let g be (-1)/(-2*(-3)/(-12)) - -1. Suppose 4*l - j = -4*k, g*k + 770 = 5*k + 4*l. Is k a composite number?
True
Suppose 4*m + 4 = 4. Suppose m*f + f = -f. Suppose f = -q - c + 116 + 26, -4*c = -4*q + 576. Is q prime?
False
Let s(w) = -435*w**3 + 30*w**2 - 37*w - 45. Is s(-14) composite?
False
Is (103 + 2/(-1))/(16/3376) a composite number?
True
Let r(j) = -j**2 + 4*j + 55. Let o be r(10). Let d(x) = -11*x**3 - 2*x**2 + 11*x - 9. Is d(o) a composite number?
True
Suppose -q - 2*i + 401951 + 142268 = 0, 2*i = 5*q - 2721119. Is q a prime number?
True
Let o(g) = -42*g**3 - 18*g**2 + 48*g + 7. Is o(-20) prime?
False
Let k(n) = 63*n**3 - 2*n**2 + 9*n - 8. Let t be k(1). Let h = t - -1307. Is h prime?
False
Let q(x) = 172*x**2 - 4*x + 5. Let h be 24/5 - (-12)/(-15). Is q(h) a prime number?
True
Let k = -122 - -202. Let o = 0 + k. Suppose 3*d + o = x + d, -5*x - 4*d = -442. Is x a composite number?
True
Let x(u) = -u**3 - 8*u**2 - 5*u - 6. Let k be x(-8). Let a be 6/((-126)/(-7)) + k/6. Is -4 + (-15416)/(-6) + 4/a a composite number?
True
Let t(x) = -368*x**3 + 26*x**2 - 19*x + 6. Is t(-7) prime?
True
Is (-725834)/(-7) + (-258)/(-602) a composite number?
True
Let k = -22 - -6. Let r(v) = 2*v**2 - 12*v + 45. Is r(k) a composite number?
True
Let j be (-2)/9 + (-6 - (-13456)/(-36)). Is (-203098)/(-18) + (j/90 - -4) composite?
True
Let s(y) = -y**2 - y. Let d(v) = -3*v**2 - 22*v - 5. Let b(k) = d(k) - s(k). Let j be b(-10). Suppose -j*t + 6*t = 413. Is t a prime number?
False
Let d = -73540 - -168189. Is d a prime number?
True
Let s be 4 + 15/(-4) + (-1196)/(-16). Suppose 74*r = s*r - 877. Is r a composite number?
False
Let p be (-779)/(-76)*592/(2 + 0). Let t = 4751 - p. Is t prime?
False
Let w(f) = 56619*f**3 + 4*f**2 - 6*f + 4. Is w(1) a composite number?
True
Let u(d) = -6*d**3 - 22*d**2 - 59*d - 47. Is u(-36) a prime number?
True
Let i(u) = 8*u**3 - 20*u**2 - 16*u + 39. Let o be i(9). Is (o + (-12)/3)*1 a composite number?
True
Let c = -972 - 549. Let p = -9030 - -13184. Let l = p + c. Is l a composite number?
False
Let v(c) = -10*c + 20. Let h(j) = 10*j - 19. Let l(z) = 6*h(z) + 5*v(z). Let d(k) = -k**2 + 4*k + 3. Let t be d(3). Is l(t) prime?
False
Let d(a) = -4*a**2 - 4*a - 9. Let y be d(-4). Let p = y - -95. Let h = p - -21. Is h a prime number?
True
Let p = -439792 + 619823. Is p a prime number?
False
Let s(c) = 9182*c**2 - 19*c - 35. Is s(-2) a prime number?
False
Let d = -8 - -7. Let h be ((-108)/(-5))/(d/(-5)). Suppose 0 = -w - h + 287. Is w a composite number?
False
Let h(c) = 1634*c + 35. Let b(y) = 1641*y + 34. Let z(o) = -2*b(o) + 3*h(o). Is z(1) prime?
True
Let a(z) = 2*z**2 + 16*z + 44. Let u be a(-10). Let b = u - 46. Let l = b + 251. Is l prime?
False
Let p(g) = 4 + 31*g + 1 + 3*g**2 - 30*g + 2*g**3. Let k be p(-3). Let s = 84 + k. Is s a composite number?
False
Suppose 20*f + 28*f = 187152. Is f composite?
True
Let b(h) = 21*h**3 - 2*h**2 + 2*h - 1. Let r be b(1). Suppose 23*i + 30 = r*i. Is (-2)/(-3)*(-4 + (-53935)/i) a prime number?
True
Let k = 186524 - -32083. Is k prime?
False
Suppose 5*p - 32 = -7. Suppose -9*n + p*n + 3648 = 0. Suppose n = 7*v + 359. Is v prime?
True
Suppose -61*y - 3 = -62*y. Suppose -8*p + 2233 = -3*p + 4*c, -y*p = 5*c - 1345. Is p a prime number?
False
Let k be 3/(-10)*-2 + 28968/170. Suppose r + z = -26, 48 + 20 = -4*r + 5*z. Let u = k + r. Is u prime?
True
Let a(c) = 8*c + 1034. Let g(w) = -105*w - 13443. Let i(y) = -27*a(y) - 2*g(y). Let p be i(0). Let l = -575 - p. Is l composite?
False
Let w be 10270/6 - (-10)/30. Let j = -547 + w. Is j a prime number?
False
Let z be (-6)/4*1430/(-55). Let k be 15/(-45) - 250/6. Is ((-74)/(-4))/(z/k - -1) a composite number?
True
Suppose 42*b - 103273 - 58301 = 0. Is b prime?
True
Let u(d) = d**3 - 7*d**2 - 9*d + 11. Let r = -41 - -49. Let z be u(r). Suppose y - z*k = 1657, 2*y - 2*k - k - 3314 = 0. Is y a prime number?
True
Let h be 0*((-8)/40)/(4/(-10)). Suppose -4*a + 3*f + 3913 = h, a + 221 = -4*f + 1204. Is a prime?
False
Suppose -43*c + 27208 = -36045. Is c prime?
True
Let u(c) be the first derivative of 5*c**4/2 - c**3/3 + 11*c**2 + 25*c - 49. Is u(16) composite?
False
Let x(j) = -10*j**3 - j**2 - 2. Let k be x(-3). Suppose 0 = -119*f - 10*f + 31476. Suppose c - f = o + o, o - k = -c. Is c a composite number?
True
Let s(h) = 4*h - 13. Let l be s(5). Suppose 0 = l*d - 58 + 23. Suppose -3*o + 160 = o + 4*p, d*o - 2*p = 179. Is o a composite number?
False
Is (-393)/12*(4 + -6 + -2162) a prime number?
False
Suppose 4 = 2*a - 3*v + 1, -3*a - v + 10 = 0. Suppose -a*l - 15 = -3*t, 0 = t - 6*l + l - 25. Is (713 + -3)/2 - t a composite number?
True
Let p be (180/(-10))/(2 - 1). Let s be (-619)/6 + (-3)/p. Let w = s + 390. Is w prime?
False
Suppose -8*i + 558205 = -640651. Is i composite?
True
Let y = 121 - 9. Suppose 2 = 3*s - y. Is s prime?
False
Let c be -1 + 74*(-5)/(-10). Let d = c - 41. Is (-2)/10*d + 1402 a prime number?
False
Let m(p) = p + 31. Let q be m(9). Suppose 16 = q*l - 36*l. Is (3 + (-44)/12)/(l/(-1002)) a composite number?
False
Suppose 7*f = 6*f + 4. Suppose 399 = -3*w - s + 5*s, -f*w + 4*s = 532. Let g = w + 210. Is g a prime number?
False
Let l(x) = -x**3 + 107*x**2 - 96*x - 487. Is l(63) composite?
True
Suppose 2*s + 20*t - 23*t = 77974, -4*t + 116927 = 3*s. I